{"id":3292,"date":"2023-03-20T14:32:26","date_gmt":"2023-03-20T13:32:26","guid":{"rendered":"http:\/\/okmr.biziel.pl\/?page_id=3292"},"modified":"2023-03-21T10:56:12","modified_gmt":"2023-03-21T09:56:12","slug":"team-2022","status":"publish","type":"page","link":"https:\/\/okmr.biziel.pl\/?page_id=3292","title":{"rendered":"TEAM 2022"},"content":{"rendered":"\n<p class=\"justify-text\">W dniach 2-3.12.2022 w Bydgoskim Centrum Targowo-Wystawienniczym odby\u0142a si\u0119 Mi\u0119dzynarodowa Konferencja <strong>TEAM 2022<\/strong>. Inicjatorem organizacji konferencji i zarazem jej kierownikiem naukowym by\u0142 dr n. med. Jakub No\u017cewski, lekarz kieruj\u0105cy Oddzia\u0142em Klinicznym Medycyny Ratunkowej w naszym Szpitalu.<\/p>\n\n\n\n<p class=\"justify-text\">By\u0142a to pierwsza edycja konferencji po\u015bwi\u0119cona szeroko rozumianej medycynie ratunkowej zar\u00f3wno przedszpitalnej, jak i dotycz\u0105cej post\u0119powania ratunkowego w szpitalnych oddzia\u0142ach ratunkowych. Do prelekcji wyk\u0142ad\u00f3w opartych na EBM i prowadzenia warsztat\u00f3w zostali zaproszeni topowi wyk\u0142adowcy. Powsta\u0142a ponad 30 osobowa mi\u0119dzynarodowa grupa \u015bci\u015ble zwi\u0105zana z medycyn\u0105 ratunkow\u0105, traumatologi\u0105, ludzie pracuj\u0105cy w medycynie przedszpitalnej i w SOR, pasjonaci, znakomici m\u00f3wcy oraz autorzy wielu prac naukowych.<\/p>\n\n\n\n<p class=\"justify-text\">Konferencja pokaza\u0142a, \u017ce medycyna ratunkowa w Polsce ma wielu pasjonat\u00f3w, kt\u00f3rzy chc\u0105 si\u0119 rozwija\u0107, chc\u0105 podnosi\u0107 swoje kwalifikacje i opiera\u0107 swoje post\u0119powanie na EBM.<br>Patronat honorowy nad konferencj\u0105 obj\u0119li: Marsza\u0142ek Wojew\u00f3dztwa Kujawsko-Pomorskiego Piotr Ca\u0142becki, Bydgoska Izba Lekarska, Szpital Uniwersytecki nr 2 im. Jana Biziela w Bydgoszczy, Lotnicze Pogotowie Ratunkowe, WSPR Bydgoszczy oraz GPR OSP Wo\u0142czkowo &#8211; Zachodniopomorskie Psy Ratownicze.<\/p>\n\n\n\n<p class=\"justify-text\">Organizacja konferencji by\u0142a mo\u017cliwa dzi\u0119ki zaanga\u017cowaniu wielu os\u00f3b oraz dzi\u0119ki partnerom konferencji, kt\u00f3rym serdecznie dzi\u0119kujemy.<\/p>\n\n\n\n<figure class=\"wp-block-gallery has-nested-images columns-default is-cropped wp-block-gallery-1 is-layout-flex wp-block-gallery-is-layout-flex\">\n<figure class=\"wp-block-image size-large\"><a href=\"http:\/\/okmr.biziel.pl\/wp-content\/uploads\/2023\/03\/logo-koferencji.jpg\"><img loading=\"lazy\" decoding=\"async\" width=\"980\" height=\"624\" data-id=\"3328\" src=\"http:\/\/okmr.biziel.pl\/wp-content\/uploads\/2023\/03\/logo-koferencji.jpg\" alt=\"\" class=\"wp-image-3328\" srcset=\"https:\/\/okmr.biziel.pl\/wp-content\/uploads\/2023\/03\/logo-koferencji.jpg 980w, https:\/\/okmr.biziel.pl\/wp-content\/uploads\/2023\/03\/logo-koferencji-300x191.jpg 300w, https:\/\/okmr.biziel.pl\/wp-content\/uploads\/2023\/03\/logo-koferencji-768x489.jpg 768w\" sizes=\"auto, (max-width: 706px) 89vw, (max-width: 767px) 82vw, 740px\" \/><\/a><\/figure>\n\n\n\n<figure class=\"wp-block-image size-large\"><a href=\"http:\/\/okmr.biziel.pl\/wp-content\/uploads\/2023\/03\/IMG20221203180324-scaled.jpg\"><img loading=\"lazy\" decoding=\"async\" width=\"1024\" height=\"768\" data-id=\"3327\" src=\"http:\/\/okmr.biziel.pl\/wp-content\/uploads\/2023\/03\/IMG20221203180324-1024x768.jpg\" alt=\"\" class=\"wp-image-3327\" srcset=\"https:\/\/okmr.biziel.pl\/wp-content\/uploads\/2023\/03\/IMG20221203180324-1024x768.jpg 1024w, https:\/\/okmr.biziel.pl\/wp-content\/uploads\/2023\/03\/IMG20221203180324-300x225.jpg 300w, https:\/\/okmr.biziel.pl\/wp-content\/uploads\/2023\/03\/IMG20221203180324-768x576.jpg 768w, https:\/\/okmr.biziel.pl\/wp-content\/uploads\/2023\/03\/IMG20221203180324-1536x1152.jpg 1536w, https:\/\/okmr.biziel.pl\/wp-content\/uploads\/2023\/03\/IMG20221203180324-2048x1536.jpg 2048w\" sizes=\"auto, (max-width: 706px) 89vw, (max-width: 767px) 82vw, 740px\" \/><\/a><\/figure>\n\n\n\n<figure class=\"wp-block-image size-large\"><a href=\"http:\/\/okmr.biziel.pl\/wp-content\/uploads\/2023\/03\/DSC_0183-scaled.jpg\"><img loading=\"lazy\" decoding=\"async\" width=\"1024\" height=\"687\" data-id=\"3326\" src=\"http:\/\/okmr.biziel.pl\/wp-content\/uploads\/2023\/03\/DSC_0183-1024x687.jpg\" alt=\"\" class=\"wp-image-3326\" srcset=\"https:\/\/okmr.biziel.pl\/wp-content\/uploads\/2023\/03\/DSC_0183-1024x687.jpg 1024w, https:\/\/okmr.biziel.pl\/wp-content\/uploads\/2023\/03\/DSC_0183-300x201.jpg 300w, https:\/\/okmr.biziel.pl\/wp-content\/uploads\/2023\/03\/DSC_0183-768x516.jpg 768w, https:\/\/okmr.biziel.pl\/wp-content\/uploads\/2023\/03\/DSC_0183-1536x1031.jpg 1536w, https:\/\/okmr.biziel.pl\/wp-content\/uploads\/2023\/03\/DSC_0183-2048x1375.jpg 2048w\" sizes=\"auto, (max-width: 706px) 89vw, (max-width: 767px) 82vw, 740px\" \/><\/a><\/figure>\n\n\n\n<figure class=\"wp-block-image size-large\"><a href=\"http:\/\/okmr.biziel.pl\/wp-content\/uploads\/2023\/03\/image00050_2-scaled.jpg\"><img loading=\"lazy\" decoding=\"async\" width=\"1024\" height=\"683\" data-id=\"3332\" src=\"http:\/\/okmr.biziel.pl\/wp-content\/uploads\/2023\/03\/image00050_2-1024x683.jpg\" alt=\"\" class=\"wp-image-3332\" srcset=\"https:\/\/okmr.biziel.pl\/wp-content\/uploads\/2023\/03\/image00050_2-1024x683.jpg 1024w, https:\/\/okmr.biziel.pl\/wp-content\/uploads\/2023\/03\/image00050_2-300x200.jpg 300w, https:\/\/okmr.biziel.pl\/wp-content\/uploads\/2023\/03\/image00050_2-768x512.jpg 768w, https:\/\/okmr.biziel.pl\/wp-content\/uploads\/2023\/03\/image00050_2-1536x1024.jpg 1536w, https:\/\/okmr.biziel.pl\/wp-content\/uploads\/2023\/03\/image00050_2-2048x1365.jpg 2048w\" sizes=\"auto, (max-width: 706px) 89vw, (max-width: 767px) 82vw, 740px\" \/><\/a><\/figure>\n\n\n\n<figure class=\"wp-block-image size-large\"><a href=\"http:\/\/okmr.biziel.pl\/wp-content\/uploads\/2023\/03\/image00043_2-scaled.jpg\"><img loading=\"lazy\" decoding=\"async\" width=\"1024\" height=\"683\" data-id=\"3333\" src=\"http:\/\/okmr.biziel.pl\/wp-content\/uploads\/2023\/03\/image00043_2-1024x683.jpg\" alt=\"\" class=\"wp-image-3333\" srcset=\"https:\/\/okmr.biziel.pl\/wp-content\/uploads\/2023\/03\/image00043_2-1024x683.jpg 1024w, https:\/\/okmr.biziel.pl\/wp-content\/uploads\/2023\/03\/image00043_2-300x200.jpg 300w, https:\/\/okmr.biziel.pl\/wp-content\/uploads\/2023\/03\/image00043_2-768x512.jpg 768w, https:\/\/okmr.biziel.pl\/wp-content\/uploads\/2023\/03\/image00043_2-1536x1024.jpg 1536w, https:\/\/okmr.biziel.pl\/wp-content\/uploads\/2023\/03\/image00043_2-2048x1365.jpg 2048w\" sizes=\"auto, (max-width: 706px) 89vw, (max-width: 767px) 82vw, 740px\" \/><\/a><\/figure>\n<\/figure>\n\n\n\n<p>Program merytoryczny TEAM 2022<\/p>\n\n\n\n<p><a href=\"https:\/\/www.sympomed.pl\/team\">https:\/\/www.sympomed.pl\/team<\/a><\/p>\n","protected":false},"excerpt":{"rendered":"<p>W dniach 2-3.12.2022 w Bydgoskim Centrum Targowo-Wystawienniczym odby\u0142a si\u0119 Mi\u0119dzynarodowa Konferencja TEAM 2022. Inicjatorem organizacji konferencji i zarazem jej kierownikiem naukowym by\u0142 dr n. med. Jakub No\u017cewski, lekarz kieruj\u0105cy Oddzia\u0142em Klinicznym Medycyny Ratunkowej w naszym Szpitalu. By\u0142a to pierwsza edycja konferencji po\u015bwi\u0119cona szeroko rozumianej medycynie ratunkowej zar\u00f3wno przedszpitalnej, jak i dotycz\u0105cej post\u0119powania ratunkowego w szpitalnych &hellip; <\/p>\n<p class=\"link-more\"><a href=\"https:\/\/okmr.biziel.pl\/?page_id=3292\" class=\"more-link\">Czytaj dalej<span class=\"screen-reader-text\"> \u201eTEAM 2022\u201d<\/span><\/a><\/p>\n","protected":false},"author":1,"featured_media":0,"parent":0,"menu_order":0,"comment_status":"closed","ping_status":"closed","template":"","meta":{"footnotes":""},"class_list":["post-3292","page","type-page","status-publish","hentry"],"_links":{"self":[{"href":"https:\/\/okmr.biziel.pl\/index.php?rest_route=\/wp\/v2\/pages\/3292","targetHints":{"allow":["GET"]}}],"collection":[{"href":"https:\/\/okmr.biziel.pl\/index.php?rest_route=\/wp\/v2\/pages"}],"about":[{"href":"https:\/\/okmr.biziel.pl\/index.php?rest_route=\/wp\/v2\/types\/page"}],"author":[{"embeddable":true,"href":"https:\/\/okmr.biziel.pl\/index.php?rest_route=\/wp\/v2\/users\/1"}],"replies":[{"embeddable":true,"href":"https:\/\/okmr.biziel.pl\/index.php?rest_route=%2Fwp%2Fv2%2Fcomments&post=3292"}],"version-history":[{"count":15,"href":"https:\/\/okmr.biziel.pl\/index.php?rest_route=\/wp\/v2\/pages\/3292\/revisions"}],"predecessor-version":[{"id":3370,"href":"https:\/\/okmr.biziel.pl\/index.php?rest_route=\/wp\/v2\/pages\/3292\/revisions\/3370"}],"wp:attachment":[{"href":"https:\/\/okmr.biziel.pl\/index.php?rest_route=%2Fwp%2Fv2%2Fmedia&parent=3292"}],"curies":[{"name":"wp","href":"https:\/\/api.w.org\/{rel}","templated":true}]}}

<p class="justify-text">W dniach 2-3.12.2022 w Bydgoskim Centrum Targowo-Wystawienniczym odbyła się Międzynarodowa Konferencja <strong>TEAM 2022</strong>. Inicjatorem organizacji konferencji i zarazem jej kierownikiem naukowym był dr n. med. Jakub Nożewski, lekarz kierujący Oddziałem Klinicznym Medycyny Ratunkowej w naszym Szpitalu.</p>



<p class="justify-text">Była to pierwsza edycja konferencji poświęcona szeroko rozumianej medycynie ratunkowej zarówno przedszpitalnej, jak i dotyczącej postępowania ratunkowego w szpitalnych oddziałach ratunkowych. Do prelekcji wykładów opartych na EBM i prowadzenia warsztatów zostali zaproszeni topowi wykładowcy. Powstała ponad 30 osobowa międzynarodowa grupa ściśle związana z medycyną ratunkową, traumatologią, ludzie pracujący w medycynie przedszpitalnej i w SOR, pasjonaci, znakomici mówcy oraz autorzy wielu prac naukowych.</p>



<p class="justify-text">Konferencja pokazała, że medycyna ratunkowa w Polsce ma wielu pasjonatów, którzy chcą się rozwijać, chcą podnosić swoje kwalifikacje i opierać swoje postępowanie na EBM.<br>Patronat honorowy nad konferencją objęli: Marszałek Województwa Kujawsko-Pomorskiego Piotr Całbecki, Bydgoska Izba Lekarska, Szpital Uniwersytecki nr 2 im. Jana Biziela w Bydgoszczy, Lotnicze Pogotowie Ratunkowe, WSPR Bydgoszczy oraz GPR OSP Wołczkowo &#8211; Zachodniopomorskie Psy Ratownicze.</p>



<p class="justify-text">Organizacja konferencji była możliwa dzięki zaangażowaniu wielu osób oraz dzięki partnerom konferencji, którym serdecznie dziękujemy.</p>



<figure class="wp-block-gallery has-nested-images columns-default is-cropped wp-block-gallery-1 is-layout-flex wp-block-gallery-is-layout-flex">
<figure class="wp-block-image size-large"><a href="http://okmr.biziel.pl/wp-content/uploads/2023/03/logo-koferencji.jpg"><img loading="lazy" decoding="async" width="980" height="624" data-id="3328" src="http://okmr.biziel.pl/wp-content/uploads/2023/03/logo-koferencji.jpg" alt="" class="wp-image-3328" srcset="https://okmr.biziel.pl/wp-content/uploads/2023/03/logo-koferencji.jpg 980w, https://okmr.biziel.pl/wp-content/uploads/2023/03/logo-koferencji-300x191.jpg 300w, https://okmr.biziel.pl/wp-content/uploads/2023/03/logo-koferencji-768x489.jpg 768w" sizes="auto, (max-width: 706px) 89vw, (max-width: 767px) 82vw, 740px" /></a></figure>



<figure class="wp-block-image size-large"><a href="http://okmr.biziel.pl/wp-content/uploads/2023/03/IMG20221203180324-scaled.jpg"><img loading="lazy" decoding="async" width="1024" height="768" data-id="3327" src="http://okmr.biziel.pl/wp-content/uploads/2023/03/IMG20221203180324-1024x768.jpg" alt="" class="wp-image-3327" srcset="https://okmr.biziel.pl/wp-content/uploads/2023/03/IMG20221203180324-1024x768.jpg 1024w, https://okmr.biziel.pl/wp-content/uploads/2023/03/IMG20221203180324-300x225.jpg 300w, https://okmr.biziel.pl/wp-content/uploads/2023/03/IMG20221203180324-768x576.jpg 768w, https://okmr.biziel.pl/wp-content/uploads/2023/03/IMG20221203180324-1536x1152.jpg 1536w, https://okmr.biziel.pl/wp-content/uploads/2023/03/IMG20221203180324-2048x1536.jpg 2048w" sizes="auto, (max-width: 706px) 89vw, (max-width: 767px) 82vw, 740px" /></a></figure>



<figure class="wp-block-image size-large"><a href="http://okmr.biziel.pl/wp-content/uploads/2023/03/DSC_0183-scaled.jpg"><img loading="lazy" decoding="async" width="1024" height="687" data-id="3326" src="http://okmr.biziel.pl/wp-content/uploads/2023/03/DSC_0183-1024x687.jpg" alt="" class="wp-image-3326" srcset="https://okmr.biziel.pl/wp-content/uploads/2023/03/DSC_0183-1024x687.jpg 1024w, https://okmr.biziel.pl/wp-content/uploads/2023/03/DSC_0183-300x201.jpg 300w, https://okmr.biziel.pl/wp-content/uploads/2023/03/DSC_0183-768x516.jpg 768w, https://okmr.biziel.pl/wp-content/uploads/2023/03/DSC_0183-1536x1031.jpg 1536w, https://okmr.biziel.pl/wp-content/uploads/2023/03/DSC_0183-2048x1375.jpg 2048w" sizes="auto, (max-width: 706px) 89vw, (max-width: 767px) 82vw, 740px" /></a></figure>



<figure class="wp-block-image size-large"><a href="http://okmr.biziel.pl/wp-content/uploads/2023/03/image00050_2-scaled.jpg"><img loading="lazy" decoding="async" width="1024" height="683" data-id="3332" src="http://okmr.biziel.pl/wp-content/uploads/2023/03/image00050_2-1024x683.jpg" alt="" class="wp-image-3332" srcset="https://okmr.biziel.pl/wp-content/uploads/2023/03/image00050_2-1024x683.jpg 1024w, https://okmr.biziel.pl/wp-content/uploads/2023/03/image00050_2-300x200.jpg 300w, https://okmr.biziel.pl/wp-content/uploads/2023/03/image00050_2-768x512.jpg 768w, https://okmr.biziel.pl/wp-content/uploads/2023/03/image00050_2-1536x1024.jpg 1536w, https://okmr.biziel.pl/wp-content/uploads/2023/03/image00050_2-2048x1365.jpg 2048w" sizes="auto, (max-width: 706px) 89vw, (max-width: 767px) 82vw, 740px" /></a></figure>



<figure class="wp-block-image size-large"><a href="http://okmr.biziel.pl/wp-content/uploads/2023/03/image00043_2-scaled.jpg"><img loading="lazy" decoding="async" width="1024" height="683" data-id="3333" src="http://okmr.biziel.pl/wp-content/uploads/2023/03/image00043_2-1024x683.jpg" alt="" class="wp-image-3333" srcset="https://okmr.biziel.pl/wp-content/uploads/2023/03/image00043_2-1024x683.jpg 1024w, https://okmr.biziel.pl/wp-content/uploads/2023/03/image00043_2-300x200.jpg 300w, https://okmr.biziel.pl/wp-content/uploads/2023/03/image00043_2-768x512.jpg 768w, https://okmr.biziel.pl/wp-content/uploads/2023/03/image00043_2-1536x1024.jpg 1536w, https://okmr.biziel.pl/wp-content/uploads/2023/03/image00043_2-2048x1365.jpg 2048w" sizes="auto, (max-width: 706px) 89vw, (max-width: 767px) 82vw, 740px" /></a></figure>
</figure>



<p>Program merytoryczny TEAM 2022</p>



<p><a href="https://www.sympomed.pl/team">https://www.sympomed.pl/team</a></p>

<p>W dniach 2-3.12.2022 w Bydgoskim Centrum Targowo-Wystawienniczym odbyła się Międzynarodowa Konferencja TEAM 2022. Inicjatorem organizacji konferencji i zarazem jej kierownikiem naukowym był dr n. med. Jakub Nożewski, lekarz kierujący Oddziałem Klinicznym Medycyny Ratunkowej w naszym Szpitalu. Była to pierwsza edycja konferencji poświęcona szeroko rozumianej medycynie ratunkowej zarówno przedszpitalnej, jak i dotyczącej postępowania ratunkowego w szpitalnych &hellip; </p>
<p class="link-more"><a href="https://okmr.biziel.pl/?page_id=3292" class="more-link">Czytaj dalej<span class="screen-reader-text"> „TEAM 2022”</span></a></p>
