{"id":2234,"date":"2018-02-10T13:38:21","date_gmt":"2018-02-10T12:38:21","guid":{"rendered":"http:\/\/okmr.biziel.pl\/?page_id=2234"},"modified":"2018-11-12T09:52:23","modified_gmt":"2018-11-12T08:52:23","slug":"2234-2","status":"publish","type":"page","link":"https:\/\/okmr.biziel.pl\/?page_id=2234","title":{"rendered":"PATROL ROKU 2017"},"content":{"rendered":"<p>W dniu 30.05.2017 r. odby\u0142y si\u0119 bydgoskie eliminacje do XXIV Fina\u0142u Og\u00f3lnopolskich Zawod\u00f3w Policjant\u00f3w Prewencji Turnieju Par Patrolowych \u201ePATROL ROKU 2017\u201d. Zwyci\u0119\u017cy\u0142a dru\u017cyna z Komisariatu Policji Bydgoszczy-\u015ar\u00f3dmie\u015bcie.<\/p>\n<p>Jedn\u0105 z turniejowych konkurencji by\u0142o udzielanie pierwszej pomocy przedmedycznej. Dzia\u0142o si\u0119 to pod czujnym okiem ratownika medycznego z naszego Szpitala, Damiana D\u0119beckiego.<\/p>\n<p>Gratulujemy zwyci\u0119zcom!<\/p>\n<p><a href=\"http:\/\/okmr.biziel.pl\/wp-content\/uploads\/2017\/06\/137-172096.jpg\"><img loading=\"lazy\" decoding=\"async\" class=\"aligncenter size-full wp-image-2232\" src=\"http:\/\/okmr.biziel.pl\/wp-content\/uploads\/2017\/06\/137-172096.jpg\" alt=\"\" width=\"1200\" height=\"897\" srcset=\"https:\/\/okmr.biziel.pl\/wp-content\/uploads\/2017\/06\/137-172096.jpg 1200w, https:\/\/okmr.biziel.pl\/wp-content\/uploads\/2017\/06\/137-172096-300x224.jpg 300w, https:\/\/okmr.biziel.pl\/wp-content\/uploads\/2017\/06\/137-172096-768x574.jpg 768w, https:\/\/okmr.biziel.pl\/wp-content\/uploads\/2017\/06\/137-172096-1024x765.jpg 1024w\" sizes=\"auto, (max-width: 706px) 89vw, (max-width: 767px) 82vw, 740px\" \/><\/a> <a href=\"http:\/\/okmr.biziel.pl\/wp-content\/uploads\/2017\/06\/137-172093.jpg\"><img loading=\"lazy\" decoding=\"async\" class=\"aligncenter size-full wp-image-2231\" src=\"http:\/\/okmr.biziel.pl\/wp-content\/uploads\/2017\/06\/137-172093.jpg\" alt=\"\" width=\"1200\" height=\"675\" srcset=\"https:\/\/okmr.biziel.pl\/wp-content\/uploads\/2017\/06\/137-172093.jpg 1200w, https:\/\/okmr.biziel.pl\/wp-content\/uploads\/2017\/06\/137-172093-300x169.jpg 300w, https:\/\/okmr.biziel.pl\/wp-content\/uploads\/2017\/06\/137-172093-768x432.jpg 768w, https:\/\/okmr.biziel.pl\/wp-content\/uploads\/2017\/06\/137-172093-1024x576.jpg 1024w\" sizes=\"auto, (max-width: 706px) 89vw, (max-width: 767px) 82vw, 740px\" \/><\/a><\/p>\n","protected":false},"excerpt":{"rendered":"<p>W dniu 30.05.2017 r. odby\u0142y si\u0119 bydgoskie eliminacje do XXIV Fina\u0142u Og\u00f3lnopolskich Zawod\u00f3w Policjant\u00f3w Prewencji Turnieju Par Patrolowych \u201ePATROL ROKU 2017\u201d. Zwyci\u0119\u017cy\u0142a dru\u017cyna z Komisariatu Policji Bydgoszczy-\u015ar\u00f3dmie\u015bcie. Jedn\u0105 z turniejowych konkurencji by\u0142o udzielanie pierwszej pomocy przedmedycznej. Dzia\u0142o si\u0119 to pod czujnym okiem ratownika medycznego z naszego Szpitala, Damiana D\u0119beckiego. Gratulujemy zwyci\u0119zcom!<\/p>\n","protected":false},"author":3,"featured_media":0,"parent":0,"menu_order":0,"comment_status":"closed","ping_status":"closed","template":"onecolumn-page.php","meta":{"footnotes":""},"class_list":["post-2234","page","type-page","status-publish","hentry"],"_links":{"self":[{"href":"https:\/\/okmr.biziel.pl\/index.php?rest_route=\/wp\/v2\/pages\/2234","targetHints":{"allow":["GET"]}}],"collection":[{"href":"https:\/\/okmr.biziel.pl\/index.php?rest_route=\/wp\/v2\/pages"}],"about":[{"href":"https:\/\/okmr.biziel.pl\/index.php?rest_route=\/wp\/v2\/types\/page"}],"author":[{"embeddable":true,"href":"https:\/\/okmr.biziel.pl\/index.php?rest_route=\/wp\/v2\/users\/3"}],"replies":[{"embeddable":true,"href":"https:\/\/okmr.biziel.pl\/index.php?rest_route=%2Fwp%2Fv2%2Fcomments&post=2234"}],"version-history":[{"count":2,"href":"https:\/\/okmr.biziel.pl\/index.php?rest_route=\/wp\/v2\/pages\/2234\/revisions"}],"predecessor-version":[{"id":2727,"href":"https:\/\/okmr.biziel.pl\/index.php?rest_route=\/wp\/v2\/pages\/2234\/revisions\/2727"}],"wp:attachment":[{"href":"https:\/\/okmr.biziel.pl\/index.php?rest_route=%2Fwp%2Fv2%2Fmedia&parent=2234"}],"curies":[{"name":"wp","href":"https:\/\/api.w.org\/{rel}","templated":true}]}}