{"id":2,"date":"2016-01-22T13:08:59","date_gmt":"2016-01-22T12:08:59","guid":{"rendered":"http:\/\/okmr.biziel.pl\/wordpress\/?page_id=2"},"modified":"2021-04-02T06:19:30","modified_gmt":"2021-04-02T05:19:30","slug":"informacje","status":"publish","type":"page","link":"https:\/\/okmr.biziel.pl\/?page_id=2","title":{"rendered":"O Oddziale"},"content":{"rendered":"\n<div class=\"wp-block-image\"><figure class=\"aligncenter size-large\"><a href=\"http:\/\/okmr.biziel.pl\/wp-content\/uploads\/2021\/04\/OKMR_03.2021-scaled.jpg\"><img loading=\"lazy\" decoding=\"async\" width=\"1024\" height=\"681\" src=\"http:\/\/okmr.biziel.pl\/wp-content\/uploads\/2021\/04\/OKMR_03.2021-1024x681.jpg\" alt=\"\" class=\"wp-image-3170\" srcset=\"https:\/\/okmr.biziel.pl\/wp-content\/uploads\/2021\/04\/OKMR_03.2021-1024x681.jpg 1024w, https:\/\/okmr.biziel.pl\/wp-content\/uploads\/2021\/04\/OKMR_03.2021-300x200.jpg 300w, https:\/\/okmr.biziel.pl\/wp-content\/uploads\/2021\/04\/OKMR_03.2021-768x511.jpg 768w, https:\/\/okmr.biziel.pl\/wp-content\/uploads\/2021\/04\/OKMR_03.2021-1536x1022.jpg 1536w, https:\/\/okmr.biziel.pl\/wp-content\/uploads\/2021\/04\/OKMR_03.2021-2048x1363.jpg 2048w\" sizes=\"auto, (max-width: 706px) 89vw, (max-width: 767px) 82vw, 740px\" \/><\/a><\/figure><\/div>\n\n\n\n<p><\/p>\n\n\n\n<p class=\"has-text-align-left text-justify\">Oddzia\u0142 Kliniczny Medycyny Ratunkowej udziela pomocy dora\u017anej chorym zg\u0142aszaj\u0105cym do szpitala w stanie nag\u0142ego zagro\u017cenia \u017cycia lub\/i zdrowia. Zadaniem oddzia\u0142u jest stabilizacja funkcji \u017cyciowych, wst\u0119pna diagnostyka i leczenie nag\u0142ych zachorowa\u0144, zatru\u0107, uraz\u00f3w, a tak\u017ce pomoc ofiarom wypadk\u00f3w masowych i katastrof.<\/p>\n\n\n\n<p class=\"text-justify\">Najwa\u017cniejszym zasobem oddzia\u0142u jest kapita\u0142 ludzki, na kt\u00f3ry sk\u0142ada si\u0119 zesp\u00f3\u0142 120 pracownik\u00f3w w tym lekarzy, piel\u0119gniarek, ratownik\u00f3w medycznych, rejestratorek, laborantek EKG, sekretarek oraz salowych. W ostatnich kilku latach zesp\u00f3\u0142 pracownik\u00f3w OKMR uleg\u0142 znacznemu \u201eodm\u0142odzeniu\u201d. Pod skrzyd\u0142a do\u015bwiadczonego personelu, z kt\u00f3rego wiele os\u00f3b jest zwi\u0105zanych z oddzia\u0142em niemal od pocz\u0105tku jego istnienia, trafili zdolni m\u0142odzi ludzie, kt\u00f3rzy od pocz\u0105tku, z wielk\u0105 pasj\u0105 i zaanga\u017cowaniem pracuj\u0105 na rzecz pacjent\u00f3w i oddzia\u0142u.<\/p>\n\n\n\n<p class=\"text-justify\">Od kwietnia 2017 do listopada 2018 roku oddzia\u0142 przeszed\u0142 gruntowny remont (zobacz galeri\u0119 remontu). Nie tylko przebudowano i zmodernizowano istniej\u0105cy obszar, 1 052,06 m2, ale dobudowano powierzchni\u0119 772,7 m2, gdzie w chwili obecnej znajduje si\u0119 obszar zabiegowy OKMR. Remont finansowany by\u0142 ze \u015brodk\u00f3w UE w ramach projektu \u201ePrzebudowa i rozbudowa Szpitalnego Oddzia\u0142u Ratunkowego w Szpitalu Uniwersyteckim Nr 2 im. dr. Jana Biziela w Bydgoszczy\u201d. Realizacja projektu w znacz\u0105cy spos\u00f3b poprawi\u0142a organizacj\u0119 i bezpiecze\u0144stwo pracy, usprawni\u0142a komunikacj\u0119 chorych i personelu, a tak\u017ce przyczyni\u0142a si\u0119 do podniesienia jako\u015bci \u015bwiadczonych us\u0142ug. W Oddziale wydzielono wielostanowiskow\u0105 sal\u0119 TRIAGE w kt\u00f3rej prowadzi si\u0119 wst\u0119pn\u0105 kwalifikacj\u0119 chorych do poszczeg\u00f3lnych kategorii pilno\u015bci (od niebieskiej do czerwonej). Oddzia\u0142 posiada sal\u0119 R, w kt\u00f3rej znajduj\u0105 si\u0119 dwa stanowiska resuscytacyjno-zabiegowe z najwy\u017cszej jako\u015bci sprz\u0119tem, w tym aparat typu Lucas do kompresji klatki piersiowej u chorych z zatrzymaniem kr\u0105\u017cenia. W Oddziale znajduj\u0105 si\u0119 ponadto 2 sale intensywnego nadzoru kardiologicznego, sala zabiegowa chirurgiczna, sala zabiegowa ortopedyczna oraz izolatka. Obecnie OKMR jest nowoczesnym, dobrze wyposa\u017conym i bardziej przyjaznym miejscem zar\u00f3wno dla pacjent\u00f3w, jak i dla personelu. Rocznie do Oddzia\u0142u przyjmowanych jest ponad 50 tysi\u0119cy pacjent\u00f3w.<\/p>\n\n\n\n<p class=\"text-justify\">Oddzia\u0142 Kliniczny Medycyny Ratunkowej jest tak\u017ce miejscem, w kt\u00f3rym kszta\u0142ci si\u0119 student\u00f3w medycznych kierunk\u00f3w studi\u00f3w oraz uczestnik\u00f3w zawodowych kurs\u00f3w specjalistycznych.<\/p>\n\n\n\n<p class=\"text-justify\">Od roku 2018 lekarzem kieruj\u0105cym Oddzia\u0142em Klinicznym Medycyny Ratunkowej jest Jakub No\u017cewski, specjalista medycyny ratunkowej i zarazem jej pasjonat. To w\u0142a\u015bnie dzi\u0119ki jego pasji OKMR stale si\u0119 rozwija, nie tylko realizuj\u0105c zadania w zakresie medycyny ratunkowej, ale r\u00f3wnie\u017c w\u0142\u0105czaj\u0105c si\u0119 w akcje spo\u0142eczne i pomocowe.<\/p>\n","protected":false},"excerpt":{"rendered":"<p>Oddzia\u0142 Kliniczny Medycyny Ratunkowej udziela pomocy dora\u017anej chorym zg\u0142aszaj\u0105cym do szpitala w stanie nag\u0142ego zagro\u017cenia \u017cycia lub\/i zdrowia. Zadaniem oddzia\u0142u jest stabilizacja funkcji \u017cyciowych, wst\u0119pna diagnostyka i leczenie nag\u0142ych zachorowa\u0144, zatru\u0107, uraz\u00f3w, a tak\u017ce pomoc ofiarom wypadk\u00f3w masowych i katastrof. Najwa\u017cniejszym zasobem oddzia\u0142u jest kapita\u0142 ludzki, na kt\u00f3ry sk\u0142ada si\u0119 zesp\u00f3\u0142 120 pracownik\u00f3w w tym &hellip; <\/p>\n<p class=\"link-more\"><a href=\"https:\/\/okmr.biziel.pl\/?page_id=2\" class=\"more-link\">Czytaj dalej<span class=\"screen-reader-text\"> \u201eO Oddziale\u201d<\/span><\/a><\/p>\n","protected":false},"author":2,"featured_media":0,"parent":0,"menu_order":7,"comment_status":"closed","ping_status":"closed","template":"","meta":{"footnotes":""},"class_list":["post-2","page","type-page","status-publish","hentry"],"_links":{"self":[{"href":"https:\/\/okmr.biziel.pl\/index.php?rest_route=\/wp\/v2\/pages\/2","targetHints":{"allow":["GET"]}}],"collection":[{"href":"https:\/\/okmr.biziel.pl\/index.php?rest_route=\/wp\/v2\/pages"}],"about":[{"href":"https:\/\/okmr.biziel.pl\/index.php?rest_route=\/wp\/v2\/types\/page"}],"author":[{"embeddable":true,"href":"https:\/\/okmr.biziel.pl\/index.php?rest_route=\/wp\/v2\/users\/2"}],"replies":[{"embeddable":true,"href":"https:\/\/okmr.biziel.pl\/index.php?rest_route=%2Fwp%2Fv2%2Fcomments&post=2"}],"version-history":[{"count":33,"href":"https:\/\/okmr.biziel.pl\/index.php?rest_route=\/wp\/v2\/pages\/2\/revisions"}],"predecessor-version":[{"id":3203,"href":"https:\/\/okmr.biziel.pl\/index.php?rest_route=\/wp\/v2\/pages\/2\/revisions\/3203"}],"wp:attachment":[{"href":"https:\/\/okmr.biziel.pl\/index.php?rest_route=%2Fwp%2Fv2%2Fmedia&parent=2"}],"curies":[{"name":"wp","href":"https:\/\/api.w.org\/{rel}","templated":true}]}}