{"id":1325,"date":"2016-09-14T10:46:07","date_gmt":"2016-09-14T09:46:07","guid":{"rendered":"http:\/\/okmr.biziel.pl\/?page_id=1325"},"modified":"2022-02-21T08:45:14","modified_gmt":"2022-02-21T07:45:14","slug":"informator-dla-pacjenta","status":"publish","type":"page","link":"https:\/\/okmr.biziel.pl\/?page_id=1325","title":{"rendered":"INFORMATOR DLA PACJENTA"},"content":{"rendered":"\n<h3 class=\"wp-block-heading\" id=\"kiedy-wezwac-pogotowie-kiedy-isc-na-sor-a-kiedy-korzystac-z-opieki-calodobowej\"><strong>Kiedy wezwa\u0107 pogotowie, kiedy i\u015b\u0107 na SOR, a kiedy korzysta\u0107 z opieki ca\u0142odobowej?<\/strong><\/h3>\n\n\n\n<p>Wezwanie zespo\u0142u ratownictwa medycznego lub wizyta w SOR powinno nast\u0105pi\u0107 <strong>wy\u0142\u0105cznie w przypadkach zagro\u017cenia \u017cycia pacjenta lub ci\u0119\u017ckich stanach nag\u0142ych. <\/strong><\/p>\n\n\n\n<h3 class=\"wp-block-heading\" id=\"stany-nagle-bezposrednio-zagrazajace-zyciu-to-miedzy-innymi\"><strong>Stany nag\u0142e, bezpo\u015brednio zagra\u017caj\u0105ce \u017cyciu to mi\u0119dzy innymi:<\/strong><\/h3>\n\n\n\n<ul class=\"wp-block-list\"><li>utrata przytomno\u015bci<\/li><li>zaburzenia \u015bwiadomo\u015bci<\/li><li>drgawki<\/li><li>nag\u0142y, ostry b\u00f3l w klatce piersiowej<\/li><li>zaburzenia rytmu serca<\/li><li>nasilona duszno\u015b\u0107<\/li><li>nag\u0142y ostry b\u00f3l brzucha<\/li><li>uporczywe wymioty, zw\u0142aszcza z domieszk\u0105 krwi<\/li><li>gwa\u0142townie post\u0119puj\u0105cy por\u00f3d<\/li><li>krwotok z dr\u00f3g rodnych<\/li><li>krwotok z dolnego odcinka przewodu pokarmowego<\/li><li>ostry i nasilone reakcje uczuleniowe (wysypka, duszno\u015b\u0107) b\u0119d\u0105ce efektem za\u017cycia leku, uk\u0105szenia czy u\u017c\u0105dlenia przez jadowite zwierz\u0119ta<\/li><li>zatrucia lekami, \u015brodkami chemicznymi, czy gazami<\/li><li>rozleg\u0142e oparzenia<\/li><li>pora\u017cenie pr\u0105dem<\/li><li>udar cieplny<\/li><li>wyzi\u0119bienie organizmu<\/li><li>podtopienie lub utoni\u0119cie<\/li><li>agresja spowodowana chorob\u0105 psychiczn\u0105<\/li><li>pr\u00f3ba samob\u00f3jcza<\/li><li>upadek z du\u017cej wysoko\u015bci<\/li><li>rozleg\u0142a rana b\u0119d\u0105ca efektem urazu<\/li><li>urazy ko\u0144czyn dolnych, uniemo\u017cliwiaj\u0105ce samodzielne poruszanie si\u0119<\/li><\/ul>\n\n\n\n<p>W ramach dzia\u0142a\u0144 Pogotowia i SOR, <strong>NIE MO\u017bNA<\/strong> korzysta\u0107 z tej formy pomocy celem uzyskania:<\/p>\n\n\n\n<ul class=\"wp-block-list\"><li>wizyty kontrolnej w zwi\u0105zku z wcze\u015bniej rozpocz\u0119tym leczeniem<\/li><li>recepty na stosowane stale leki w zwi\u0105zku ze schorzeniem przewlek\u0142ym<\/li><li>za\u015bwiadczenia o stanie zdrowia<\/li><li>skierowania do specjalisty<\/li><li>bada\u0144 dodatkowych i konsultacji specjalistycznych, zaleconych przez lekarza lecz\u0105cego<\/li><\/ul>\n\n\n\n<h3 class=\"wp-block-heading\" id=\"co-robic-w-pozostalych-przypadkach\"><strong>Co robi\u0107 w pozosta\u0142ych przypadkach?<\/strong><\/h3>\n\n\n\n<ul class=\"wp-block-list\"><li>Od godziny 8:00 do 18:00 nale\u017cy zg\u0142asza\u0107 si\u0119 do swojego lekarza rodzinnego \/ lekarza podstawowej opieki zdrowotnej<\/li><li>W sytuacjach szczeg\u00f3lnych, a zw\u0142aszcza nowych zachorowa\u0144 lub zaostrze\u0144 dolegliwo\u015bci w przebiegu schorze\u0144 przewlek\u0142ych, kt\u00f3re wyst\u0105pi\u0105 w nocy, lub w dni wolne od pracy, <strong>nale\u017cy korzysta\u0107 ze \u015bwiadcze\u0144 medycznej opieki nocnej i \u015bwi\u0105tecznej<\/strong>. W ramach opieki nocnej i \u015bwi\u0105tecznej udzielane s\u0105 porady ambulatoryjne, a w sytuacjach tego wymagaj\u0105cych tak\u017ce wizyty domowe.<\/li><\/ul>\n\n\n\n<h3 class=\"wp-block-heading\" id=\"wykaz-swiadczeniodawcow-realizujacych-zakres-nocnej-i-swiatecznej-opieki-zdrowotnej\"><strong>Wykaz \u015bwiadczeniodawc\u00f3w realizuj\u0105cych zakres nocnej i \u015bwi\u0105tecznej opieki zdrowotnej<\/strong><\/h3>\n\n\n\n<p><a href=\"http:\/\/nfz-bydgoszcz.pl\/artykuly\/54\/dla-pacjenta\" data-type=\"URL\" data-id=\"http:\/\/nfz-bydgoszcz.pl\/artykuly\/54\/dla-pacjenta\" target=\"_blank\" rel=\"noreferrer noopener\">Wykaz \u015bwiadczeniodawc\u00f3w<\/a><\/p>\n\n\n\n<p><strong>\u015awiadczenia udzielane s\u0105 od poniedzia\u0142ku do pi\u0105tku w godzinach od 18.00 do 8.00 dnia nast\u0119pnego oraz w soboty, niedziele i inne dni ustawowo wolne od pracy, w godzinach od 8.00 dnia danego do godziny 8.00 dnia nast\u0119pnego, wszystkim zg\u0142aszaj\u0105cym si\u0119 \u015bwiadczeniobiorcom &#8211; r\u00f3wnie\u017c spoza obszaru zabezpieczenia.<\/strong><\/p>\n\n\n\n<h3 class=\"wp-block-heading\" id=\"tryb-obslugi-pacjenta-w-szpitalnym-oddziale-ratunkowym\"><strong>TRYB OBS\u0141UGI PACJENTA w szpitalnym oddziale ratunkowym<\/strong><\/h3>\n\n\n\n<div class=\"wp-block-image\"><figure class=\"aligncenter size-large\"><a href=\"http:\/\/okmr.biziel.pl\/wp-content\/uploads\/2022\/02\/samodzielny-system1-scaled.jpg\"><img loading=\"lazy\" decoding=\"async\" width=\"1024\" height=\"724\" src=\"http:\/\/okmr.biziel.pl\/wp-content\/uploads\/2022\/02\/samodzielny-system1-1024x724.jpg\" alt=\"\" class=\"wp-image-3235\" srcset=\"https:\/\/okmr.biziel.pl\/wp-content\/uploads\/2022\/02\/samodzielny-system1-1024x724.jpg 1024w, https:\/\/okmr.biziel.pl\/wp-content\/uploads\/2022\/02\/samodzielny-system1-300x212.jpg 300w, https:\/\/okmr.biziel.pl\/wp-content\/uploads\/2022\/02\/samodzielny-system1-768x543.jpg 768w, https:\/\/okmr.biziel.pl\/wp-content\/uploads\/2022\/02\/samodzielny-system1-1536x1086.jpg 1536w, https:\/\/okmr.biziel.pl\/wp-content\/uploads\/2022\/02\/samodzielny-system1-2048x1448.jpg 2048w\" sizes=\"auto, (max-width: 706px) 89vw, (max-width: 767px) 82vw, 740px\" \/><\/a><\/figure><\/div>\n\n\n\n<h3 class=\"wp-block-heading\" id=\"segregacja-medyczna-w-szpitalnym-oddziale-ratunkowym\"><strong>SEGREGACJA MEDYCZNA &nbsp;w szpitalnym oddziale ratunkowym<\/strong><\/h3>\n\n\n\n<p>Wszyscy pacjenci zg\u0142aszaj\u0105cy si\u0119 do szpitalnego oddzia\u0142u ratunkowego podlegaj\u0105 segregacji medycznej. Jej celem jest ocena stanu pacjenta&nbsp; maj\u0105ca na celu identyfikacj\u0119 stan\u00f3w zagro\u017cenia zdrowia i \u017cycia oraz okre\u015blenie stopnia pilno\u015bci badania lekarskiego.<\/p>\n\n\n\n<p>W wyniku przeprowadzonej segregacji medycznej pacjent jest przydzielany do jednej z&nbsp;pi\u0119ciu kategorii pilno\u015bci udzielenia \u015bwiadcze\u0144 zdrowotnych<sup>*<\/sup>.<\/p>\n\n\n\n<div class=\"wp-block-image\"><figure class=\"aligncenter size-large\"><a href=\"http:\/\/okmr.biziel.pl\/wp-content\/uploads\/2022\/01\/TRIAGE_tablica-scaled.jpg\"><img loading=\"lazy\" decoding=\"async\" width=\"724\" height=\"1024\" src=\"http:\/\/okmr.biziel.pl\/wp-content\/uploads\/2022\/01\/TRIAGE_tablica-724x1024.jpg\" alt=\"\" class=\"wp-image-3230\" srcset=\"https:\/\/okmr.biziel.pl\/wp-content\/uploads\/2022\/01\/TRIAGE_tablica-724x1024.jpg 724w, https:\/\/okmr.biziel.pl\/wp-content\/uploads\/2022\/01\/TRIAGE_tablica-212x300.jpg 212w, https:\/\/okmr.biziel.pl\/wp-content\/uploads\/2022\/01\/TRIAGE_tablica-768x1086.jpg 768w, https:\/\/okmr.biziel.pl\/wp-content\/uploads\/2022\/01\/TRIAGE_tablica-1086x1536.jpg 1086w, https:\/\/okmr.biziel.pl\/wp-content\/uploads\/2022\/01\/TRIAGE_tablica-1448x2048.jpg 1448w, https:\/\/okmr.biziel.pl\/wp-content\/uploads\/2022\/01\/TRIAGE_tablica-scaled.jpg 1811w\" sizes=\"auto, (max-width: 724px) 100vw, 724px\" \/><\/a><figcaption><strong>Osoby, kt\u00f3re zosta\u0142y przydzielone do kategorii pilno\u015bci oznaczonej kolorem zielonym lub niebieskim, mog\u0105 by\u0107 kierowane z OKMR do miejsc udzielania \u015bwiadcze\u0144 zdrowotnych z&nbsp;zakresu podstawowej opieki zdrowotnej.<\/strong><\/figcaption><\/figure><\/div>\n\n\n\n<p><sup>*Na odstawie ROZPORZ\u0104DZENIE MINISTRA ZDROWIA z dnia 27 czerwca 2019 r. w sprawie szpitalnego oddzia\u0142u ratunkowego<\/sup><\/p>\n","protected":false},"excerpt":{"rendered":"<p>Kiedy wezwa\u0107 pogotowie, kiedy i\u015b\u0107 na SOR, a kiedy korzysta\u0107 z opieki ca\u0142odobowej? Wezwanie zespo\u0142u ratownictwa medycznego lub wizyta w SOR powinno nast\u0105pi\u0107 wy\u0142\u0105cznie w przypadkach zagro\u017cenia \u017cycia pacjenta lub ci\u0119\u017ckich stanach nag\u0142ych. Stany nag\u0142e, bezpo\u015brednio zagra\u017caj\u0105ce \u017cyciu to mi\u0119dzy innymi: utrata przytomno\u015bci zaburzenia \u015bwiadomo\u015bci drgawki nag\u0142y, ostry b\u00f3l w klatce piersiowej zaburzenia rytmu serca &hellip; <\/p>\n<p class=\"link-more\"><a href=\"https:\/\/okmr.biziel.pl\/?page_id=1325\" class=\"more-link\">Czytaj dalej<span class=\"screen-reader-text\"> \u201eINFORMATOR DLA PACJENTA\u201d<\/span><\/a><\/p>\n","protected":false},"author":1,"featured_media":0,"parent":0,"menu_order":9,"comment_status":"closed","ping_status":"open","template":"","meta":{"footnotes":""},"class_list":["post-1325","page","type-page","status-publish","hentry"],"_links":{"self":[{"href":"https:\/\/okmr.biziel.pl\/index.php?rest_route=\/wp\/v2\/pages\/1325","targetHints":{"allow":["GET"]}}],"collection":[{"href":"https:\/\/okmr.biziel.pl\/index.php?rest_route=\/wp\/v2\/pages"}],"about":[{"href":"https:\/\/okmr.biziel.pl\/index.php?rest_route=\/wp\/v2\/types\/page"}],"author":[{"embeddable":true,"href":"https:\/\/okmr.biziel.pl\/index.php?rest_route=\/wp\/v2\/users\/1"}],"replies":[{"embeddable":true,"href":"https:\/\/okmr.biziel.pl\/index.php?rest_route=%2Fwp%2Fv2%2Fcomments&post=1325"}],"version-history":[{"count":12,"href":"https:\/\/okmr.biziel.pl\/index.php?rest_route=\/wp\/v2\/pages\/1325\/revisions"}],"predecessor-version":[{"id":3237,"href":"https:\/\/okmr.biziel.pl\/index.php?rest_route=\/wp\/v2\/pages\/1325\/revisions\/3237"}],"wp:attachment":[{"href":"https:\/\/okmr.biziel.pl\/index.php?rest_route=%2Fwp%2Fv2%2Fmedia&parent=1325"}],"curies":[{"name":"wp","href":"https:\/\/api.w.org\/{rel}","templated":true}]}}

<h3 class="wp-block-heading" id="kiedy-wezwac-pogotowie-kiedy-isc-na-sor-a-kiedy-korzystac-z-opieki-calodobowej"><strong>Kiedy wezwać pogotowie, kiedy iść na SOR, a kiedy korzystać z opieki całodobowej?</strong></h3>



<p>Wezwanie zespołu ratownictwa medycznego lub wizyta w SOR powinno nastąpić <strong>wyłącznie w przypadkach zagrożenia życia pacjenta lub ciężkich stanach nagłych. </strong></p>



<h3 class="wp-block-heading" id="stany-nagle-bezposrednio-zagrazajace-zyciu-to-miedzy-innymi"><strong>Stany nagłe, bezpośrednio zagrażające życiu to między innymi:</strong></h3>



<ul class="wp-block-list"><li>utrata przytomności</li><li>zaburzenia świadomości</li><li>drgawki</li><li>nagły, ostry ból w klatce piersiowej</li><li>zaburzenia rytmu serca</li><li>nasilona duszność</li><li>nagły ostry ból brzucha</li><li>uporczywe wymioty, zwłaszcza z domieszką krwi</li><li>gwałtownie postępujący poród</li><li>krwotok z dróg rodnych</li><li>krwotok z dolnego odcinka przewodu pokarmowego</li><li>ostry i nasilone reakcje uczuleniowe (wysypka, duszność) będące efektem zażycia leku, ukąszenia czy użądlenia przez jadowite zwierzęta</li><li>zatrucia lekami, środkami chemicznymi, czy gazami</li><li>rozległe oparzenia</li><li>porażenie prądem</li><li>udar cieplny</li><li>wyziębienie organizmu</li><li>podtopienie lub utonięcie</li><li>agresja spowodowana chorobą psychiczną</li><li>próba samobójcza</li><li>upadek z dużej wysokości</li><li>rozległa rana będąca efektem urazu</li><li>urazy kończyn dolnych, uniemożliwiające samodzielne poruszanie się</li></ul>



<p>W ramach działań Pogotowia i SOR, <strong>NIE MOŻNA</strong> korzystać z tej formy pomocy celem uzyskania:</p>



<ul class="wp-block-list"><li>wizyty kontrolnej w związku z wcześniej rozpoczętym leczeniem</li><li>recepty na stosowane stale leki w związku ze schorzeniem przewlekłym</li><li>zaświadczenia o stanie zdrowia</li><li>skierowania do specjalisty</li><li>badań dodatkowych i konsultacji specjalistycznych, zaleconych przez lekarza leczącego</li></ul>



<h3 class="wp-block-heading" id="co-robic-w-pozostalych-przypadkach"><strong>Co robić w pozostałych przypadkach?</strong></h3>



<ul class="wp-block-list"><li>Od godziny 8:00 do 18:00 należy zgłaszać się do swojego lekarza rodzinnego / lekarza podstawowej opieki zdrowotnej</li><li>W sytuacjach szczególnych, a zwłaszcza nowych zachorowań lub zaostrzeń dolegliwości w przebiegu schorzeń przewlekłych, które wystąpią w nocy, lub w dni wolne od pracy, <strong>należy korzystać ze świadczeń medycznej opieki nocnej i świątecznej</strong>. W ramach opieki nocnej i świątecznej udzielane są porady ambulatoryjne, a w sytuacjach tego wymagających także wizyty domowe.</li></ul>



<h3 class="wp-block-heading" id="wykaz-swiadczeniodawcow-realizujacych-zakres-nocnej-i-swiatecznej-opieki-zdrowotnej"><strong>Wykaz świadczeniodawców realizujących zakres nocnej i świątecznej opieki zdrowotnej</strong></h3>



<p><a href="http://nfz-bydgoszcz.pl/artykuly/54/dla-pacjenta" data-type="URL" data-id="http://nfz-bydgoszcz.pl/artykuly/54/dla-pacjenta" target="_blank" rel="noreferrer noopener">Wykaz świadczeniodawców</a></p>



<p><strong>Świadczenia udzielane są od poniedziałku do piątku w godzinach od 18.00 do 8.00 dnia następnego oraz w soboty, niedziele i inne dni ustawowo wolne od pracy, w godzinach od 8.00 dnia danego do godziny 8.00 dnia następnego, wszystkim zgłaszającym się świadczeniobiorcom &#8211; również spoza obszaru zabezpieczenia.</strong></p>



<h3 class="wp-block-heading" id="tryb-obslugi-pacjenta-w-szpitalnym-oddziale-ratunkowym"><strong>TRYB OBSŁUGI PACJENTA w szpitalnym oddziale ratunkowym</strong></h3>



<div class="wp-block-image"><figure class="aligncenter size-large"><a href="http://okmr.biziel.pl/wp-content/uploads/2022/02/samodzielny-system1-scaled.jpg"><img loading="lazy" decoding="async" width="1024" height="724" src="http://okmr.biziel.pl/wp-content/uploads/2022/02/samodzielny-system1-1024x724.jpg" alt="" class="wp-image-3235" srcset="https://okmr.biziel.pl/wp-content/uploads/2022/02/samodzielny-system1-1024x724.jpg 1024w, https://okmr.biziel.pl/wp-content/uploads/2022/02/samodzielny-system1-300x212.jpg 300w, https://okmr.biziel.pl/wp-content/uploads/2022/02/samodzielny-system1-768x543.jpg 768w, https://okmr.biziel.pl/wp-content/uploads/2022/02/samodzielny-system1-1536x1086.jpg 1536w, https://okmr.biziel.pl/wp-content/uploads/2022/02/samodzielny-system1-2048x1448.jpg 2048w" sizes="auto, (max-width: 706px) 89vw, (max-width: 767px) 82vw, 740px" /></a></figure></div>



<h3 class="wp-block-heading" id="segregacja-medyczna-w-szpitalnym-oddziale-ratunkowym"><strong>SEGREGACJA MEDYCZNA &nbsp;w szpitalnym oddziale ratunkowym</strong></h3>



<p>Wszyscy pacjenci zgłaszający się do szpitalnego oddziału ratunkowego podlegają segregacji medycznej. Jej celem jest ocena stanu pacjenta&nbsp; mająca na celu identyfikację stanów zagrożenia zdrowia i życia oraz określenie stopnia pilności badania lekarskiego.</p>



<p>W wyniku przeprowadzonej segregacji medycznej pacjent jest przydzielany do jednej z&nbsp;pięciu kategorii pilności udzielenia świadczeń zdrowotnych<sup>*</sup>.</p>



<div class="wp-block-image"><figure class="aligncenter size-large"><a href="http://okmr.biziel.pl/wp-content/uploads/2022/01/TRIAGE_tablica-scaled.jpg"><img loading="lazy" decoding="async" width="724" height="1024" src="http://okmr.biziel.pl/wp-content/uploads/2022/01/TRIAGE_tablica-724x1024.jpg" alt="" class="wp-image-3230" srcset="https://okmr.biziel.pl/wp-content/uploads/2022/01/TRIAGE_tablica-724x1024.jpg 724w, https://okmr.biziel.pl/wp-content/uploads/2022/01/TRIAGE_tablica-212x300.jpg 212w, https://okmr.biziel.pl/wp-content/uploads/2022/01/TRIAGE_tablica-768x1086.jpg 768w, https://okmr.biziel.pl/wp-content/uploads/2022/01/TRIAGE_tablica-1086x1536.jpg 1086w, https://okmr.biziel.pl/wp-content/uploads/2022/01/TRIAGE_tablica-1448x2048.jpg 1448w, https://okmr.biziel.pl/wp-content/uploads/2022/01/TRIAGE_tablica-scaled.jpg 1811w" sizes="auto, (max-width: 724px) 100vw, 724px" /></a><figcaption><strong>Osoby, które zostały przydzielone do kategorii pilności oznaczonej kolorem zielonym lub niebieskim, mogą być kierowane z OKMR do miejsc udzielania świadczeń zdrowotnych z&nbsp;zakresu podstawowej opieki zdrowotnej.</strong></figcaption></figure></div>



<p><sup>*Na odstawie ROZPORZĄDZENIE MINISTRA ZDROWIA z dnia 27 czerwca 2019 r. w sprawie szpitalnego oddziału ratunkowego</sup></p>

<p>Kiedy wezwać pogotowie, kiedy iść na SOR, a kiedy korzystać z opieki całodobowej? Wezwanie zespołu ratownictwa medycznego lub wizyta w SOR powinno nastąpić wyłącznie w przypadkach zagrożenia życia pacjenta lub ciężkich stanach nagłych. Stany nagłe, bezpośrednio zagrażające życiu to między innymi: utrata przytomności zaburzenia świadomości drgawki nagły, ostry ból w klatce piersiowej zaburzenia rytmu serca &hellip; </p>
<p class="link-more"><a href="https://okmr.biziel.pl/?page_id=1325" class="more-link">Czytaj dalej<span class="screen-reader-text"> „INFORMATOR DLA PACJENTA”</span></a></p>
